in base 3?
-11111
-224 (base 6) to base 9
-107
Convert 9 (base 10) to base 16.
9
11000 (base 2) to base 4
120
What is -1110001 (base 2) in base 11?
-a3
What is -d (base 14) in base 5?
-23
What is 2211 (base 3) in base 2?
1001100
What is -4 (base 10) in base 7?
-4
Convert 35 (base 13) to base 9.
48
Convert -5a (base 15) to base 11.
-78
What is -8 (base 14) in base 9?
-8
Convert -10011 (base 3) to base 8.
-125
What is 2 (base 13) in base 9?
2
11101 (base 2) to base 10
29
What is -1010 (base 3) in base 13?
-24
What is -101 (base 7) in base 3?
-1212
What is -233 (base 6) in base 16?
-5d
What is -12 (base 10) in base 8?
-14
What is -11 (base 14) in base 15?
-10
What is -4 (base 16) in base 10?
-4
What is -2 (base 4) in base 16?
-2
What is 4 (base 11) in base 13?
4
-6 (base 12) to base 14
-6
-f (base 16) to base 9
-16
Convert 58 (base 13) to base 16.
49
-1 (base 12) to base 9
-1
-5 (base 9) to base 5
-10
-44 (base 9) to base 14
-2c
Convert -3 (base 13) to base 15.
-3
42 (base 11) to base 14
34
What is -69 (base 14) in base 6?
-233
20 (base 14) to base 4
130
What is 27 (base 12) in base 3?
1011
Convert 26 (base 7) to base 5.
40
Convert -110 (base 2) to base 16.
-6
-2021 (base 3) to base 7
-115
Convert 7 (base 16) to base 2.
111
Convert -11 (base 8) to base 10.
-9
2 (base 14) to base 9
2
What is 317 (base 8) in base 11?
179
303 (base 4) to base 12
43
1331 (base 5) to base 6
1000
Convert 0 (base 5) to base 9.
0
What is -1d (base 16) in base 11?
-27
Convert -222 (base 6) to base 12.
-72
-3d (base 14) to base 7
-106
-1112 (base 4) to base 3
-10012
What is -17 (base 14) in base 4?
-111
-2 (base 8) to base 11
-2
What is 93 (base 10) in base 8?
135
Convert 0 (base 14) to base 6.
0
Convert -3 (base 6) to base 2.
-11
Convert 10 (base 8) to base 14.
8
Convert -23 (base 10) to base 3.
-212
Convert 0 (base 2) to base 7.
0
What is -1110 (base 2) in base 6?
-22
Convert -3 (base 8) to base 5.
-3
Convert 10 (base 4) to base 5.
4
Convert 2 (base 10) to base 16.
2
What is a6 (base 16) in base 15?
b1
Convert 100 (base 2) to base 11.
4
What is -11c (base 13) in base 6?
-522
What is -3 (base 6) in base 3?
-10
What is 4c (base 16) in base 11?
6a
Convert 6 (base 7) to base 3.
20
Convert 360 (base 7) to base 8.
275
Convert -11 (base 3) to base 9.
-4
Convert 2 (base 4) to base 16.
2
Convert 5 (base 8) to base 10.
5
104 (base 8) to base 4
1010
Convert 2a (base 11) to base 6.
52
-120 (base 3) to base 8
-17
-22 (base 5) to base 13
-c
Convert -24 (base 6) to base 3.
-121
What is -5 (base 15) in base 6?
-5
100 (base 2) to base 13
4
What is -1 (base 16) in base 7?
-1
Convert 80 (base 14) to base 16.
70
What is 39 (base 14) in base 5?
201
What is 5 (base 14) in base 8?
5
Convert -10111101 (base 2) to base 8.
-275
-161 (base 7) to base 6
-232
-4a (base 12) to base 8
-72
0 (base 16) to base 5
0
Convert -2 (base 5) to base 3.
-2
10 (base 7) to base 5
12
Convert -151 (base 9) to base 13.
-9a
Convert -1011 (base 2) to base 14.
-b
Convert 2 (base 9) to base 8.
2
21 (base 3) to base 15
7
Convert -2 (base 8) to base 4.
-2
What is 1001010 (base 2) in base 11?
68
What is 30 (base 8) in base 14?
1a
What is -14 (base 8) in base 12?
-10
What is 2 (base 11) in base 9?
2
1 (base 13) to base 12
1
What is -202 (base 12) in base 6?
-1202
-4 (base 9) to base 15
-4
-25 (base 8) to base 7
-30
Convert -10 (base 3) to base 9.
-3
What is -43 (base 16) in base 5?
-232
Convert -12 (base 6) to base 8.
-10
-67 (base 12) to base 3
-2221
Convert 208 (base 9) to base 7.
332
Convert 20 (base 4) to base 14.
8
17a (base 11) to base 4
3100
Convert -5 (base 8) to base 4.
-11
133 (base 7) to base 15
4d
-100 (base 6) to base 12
-30
Convert -12 (base 4) to base 7.
-6
What is 1 (base 4) in base 5?
1
3 (base 11) to base 8
3
Convert 36 (base 11) to base 16.
27
Convert -4 (base 5) to base 13.
-4
5 (base 16) to base 4
11
452 (base 8) to base 12
20a
What is 212 (base 3) in base 6?
35
What is -c (base 15) in base 5?
-22
1 (base 10) to base 16
1
-536 (base 7) to base 6
-1132
What is -102 (base 6) in base 13?
-2c
10 (base 14) to base 7
20
2 (base 16) to base 4
2
What is -1100000 (base 2) in base 16?
-60
What is -69 (base 14) in base 16?
-5d
-5 (base 7) to base 11
-5
Convert -1 (base 10) to base 9.
-1
What is 3 (base 4) in base 9?
3
Convert 3031 (base 4) to base 13.
12a
What is -ed (base 16) in base 2?
-11101101
-13 (base 5) to base 7
-11
Convert 3 (base 4) to base 5.
3
What is 220 (base 3) in base 14?
1a
What is -44 (base 6) in base 8?
-34
-124 (base 6) to base 10
-52
46 (base 8) to base 6
102
What is -20b (base 12) in base 13?
-1a0
Convert -1 (base 14) to base 10.
-1
What is -dc (base 16) in base 5?
-1340
What is 1001 (base 2) in base 16?
9
Convert -16 (base 11) to base 9.
-18
-74 (base 9) to base 2
-1000011
What is 7 (base 14) in base 12?
7
-2 (base 8) to base 4
-2
Convert -1 (base 10) to base 11.
-1
-5 (base 14) to base 15
-5
4 (base 7) to base 15
4
-7 (base 16) to base 12
-7
What is -1102 (base 3) in base 6?
-102
What is -47 (base 8) in base 13?
-30
Convert 1102 (base 3) to base 14.
2a
Convert 20 (base 7) to base 14.
10
90 (base 16) to base 11
121
Convert 200 (base 8) to base 13.
9b
Convert a2 (base 11) to base 5.
422
What is 202 (base 7) in base 12?
84
Convert 11 (base 4) to base 10.
5
What is 8 (base 14) in base 4?
20
1 (base 3) to base 10
1
What is 100022 (base 3) in base 4?
3323
-9 (base 12) to base 2
-1001
What is -3 (base 5) in base 9?
-3
-2 (base 11) to base 2
-10
Convert -2 (base 5) to base 12.
-2
Convert 6 (base 10) to base 2.
110
3 (base 5) to base 12
3
What is -2 (base 6) in base 16?
-2
-12 (base 6) to base 7
-11
Convert -354 (base 9) to base 7.
-565
What is 0 (base 14) in base 11?
0
Convert 23 (base 12) to base 9.
30
-1111 (base 3) to base 7
-55
Convert 92 (base 10) to base 16.
5c
Convert 111001 (base 2) to base 4.
321
What is -1202 (base 5) in base 9?
-216
Convert 11 (base 2) to base 5.
3
What is 44 (base 9) in base 14?
2c
Convert -11 (base 4) to base 14.
-5
What is 48 (base 13) in base 11?
55
10 (base 7) to base 12
7
What is -115 (base 6) in base 3?
-1202
Convert 1 (base 16) to base 14.
1
What is 65 (base 8) in base 14?
3b
What is 4a (base 14) in base 7?
123
What is 33 (base 4) in base 12?
13
Convert 231 (base 6) to base 10.
91
Convert 147 (base 11) to base 6.
444
Convert 32 (base 16) to base 14.
38
Convert 1b (base 15) to base 8.
32
Convert 7 (base 12) to base 14.
7
Convert -1121 (base 3) to base 7.
-61
What is 1 (base 13) in base 14?
1
What is 1 (base 4) in base 2?
1
6 (base 12) to base 10
6
-2 (base 5) to base 3
-2
Convert 1 (base 11) to base 13.
1
What is 10 (base 2) in base 5?
2
What is 121 (base 5) in base 15?
26
-2 (base 8) to base 5
-2
Convert 11 (base 6) to base 3.
21
42 (base 5) to base 15
17
Convert 3 (base 7) to base 9.
3
Convert 3 (base 8) to base 13.
3
What is 11 (base 15) in base 10?
16
What is -1022 (base 3) in base 9?
-38
Convert 347 (base 8) to base 15.
106
Convert 1055 (base 6) to base 10.
251
-100 (base 4) to base 5
-31
-1 (base 8) to base 14
-1
What is 214 (base 12) in base 6?
1224
Convert 252 (base 10) to base 5.
2002
-2 (base 13) to base 10
-2
-13 (base 6) to base 9
-10
What is 17 (base 8) in base 16?
f
What is -1 (base 15) in base 8?
-1
-14 (base 7) to base 6
-15
What is -103 (base 10) in base 16?
-67
Convert -9 (base 15) to base 14.
-9
What is 19 (base 12) in base 7?
30
What is 23 (base 7) in base 2?
10001
-112 (base 4) to base 3
-211
Convert -220 (base 3) to base 6.
-40
-40 (base 10) to base 12
-34
What is -13 (base 8) in base 9?
-12
-3 (base 16) to base 5
-3
Convert 5 (base 8) to base 6.
5
What is -79 (base 15) in base 16?
-72
What is -3 (base 4) in base 14?
-3
-4 (base 8) to base 5
-4
Convert 225 (base 6) to base 4.
1121
1010010 (base 2) to base 3
10001
What is -4 (base 12) in base 15?
-4
What is -11 (base 2) in base 7?
-3
What is -42 (base 5) in base 15?
-17
What is -7 (base 8) in base 4?
-13
-2 (base 5) to base 7
-2
What is 0 (base 10) in base 16?
0
Convert -2022 (base 5) to base 13.
-172
Convert 19 (base 13) to base 4.
112
Convert 5 (base 8) to base 16.
5
Convert 53 (base 11) to base 9.
64
2 (base 10) to base 7
2
Convert -203 (base 12) to base 8.
-443
12 (base 6) to base 3
22
What is 8 (base 9) in base 4?
20
102 (base 12) to base 7
266
What is 2 (base 15) in base 10?
2
-7 (ba